{"id":1500,"date":"2026-03-03T11:37:12","date_gmt":"2026-03-03T10:37:12","guid":{"rendered":"https:\/\/wechalleng.com\/?page_id=1500"},"modified":"2026-03-25T13:30:34","modified_gmt":"2026-03-25T12:30:34","slug":"notre-equipe","status":"publish","type":"page","link":"https:\/\/wechalleng.com\/index.php\/notre-equipe\/","title":{"rendered":"A propos de nous"},"content":{"rendered":"\n<h1 class=\"wp-block-heading has-text-align-center\"><strong>A propos de nous<\/strong><\/h1>\n\n\n\n<div class=\"wp-block-uagb-container uagb-block-57360c80 default uagb-is-root-container\">\n<h2 class=\"wp-block-heading has-text-align-left has-text-color has-link-color wp-elements-8ae66d6090ecce69433c0558aff865d5\" style=\"color:#42b8b0\"><strong>WEchalleng, une \u00e9quipe soud\u00e9e&#8230; <\/strong><\/h2>\n<\/div>\n\n\n\n<div class=\"wp-block-uagb-image uagb-block-d55faa71 wp-block-uagb-image--layout-default wp-block-uagb-image--effect-static wp-block-uagb-image--align-none\"><figure class=\"wp-block-uagb-image__figure\"><img decoding=\"async\" srcset=\"https:\/\/wechalleng.com\/wp-content\/uploads\/2026\/03\/Photo-equipe-Mae\u00ae.png ,https:\/\/wechalleng.com\/wp-content\/uploads\/2026\/03\/Photo-equipe-Mae\u00ae.png 780w, https:\/\/wechalleng.com\/wp-content\/uploads\/2026\/03\/Photo-equipe-Mae\u00ae.png 360w\" sizes=\"auto, (max-width: 480px) 150px\" src=\"https:\/\/wechalleng.com\/wp-content\/uploads\/2026\/03\/Photo-equipe-Mae\u00ae.png\" alt=\"\" class=\"uag-image-2752\" width=\"530\" height=\"362\" title=\"Photo \u00e9quipe Ma\u00e9\u00ae\" loading=\"lazy\" role=\"img\"\/><\/figure><\/div>\n\n\n\n<div class=\"wp-block-uagb-container uagb-block-d8d8d448 default uagb-is-root-container\">\n<h2 class=\"wp-block-heading has-text-align-left has-text-color has-link-color wp-elements-9509a7425fcd5b84378e4f45a6b68616\" style=\"color:#42b8b0;padding-top:0;padding-bottom:0\"><strong>&#8230; autour d&rsquo;une raison d&rsquo;\u00eatre<\/strong><\/h2>\n\n\n\n<p class=\"has-text-align-center\" style=\"font-size:clamp(14.642px, 0.915rem + ((1vw - 3.2px) * 0.721), 22px);font-style:normal;font-weight:400\">Chez WEchalleng, notre raison d\u2019\u00eatre est simple :<strong>&nbsp;redonner confiance, autonomie et s\u00e9r\u00e9nit\u00e9 aux personnes touch\u00e9es par des troubles de la m\u00e9moire, tout en&nbsp;all\u00e9geant la charge des aidants&nbsp;<\/strong>qui les accompagnent au quotidien.<\/p>\n\n\n\n<p class=\"has-text-align-center\" style=\"font-size:clamp(14.642px, 0.915rem + ((1vw - 3.2px) * 0.721), 22px);font-style:normal;font-weight:400\">Nous croyons que la technologie doit \u00eatre profond\u00e9ment <strong>humaine, accessible et r\u00e9ellement utile<\/strong>. C\u2019est pourquoi nous nous engageons \u00e0 concevoir des solutions qui respectent <strong>le rythme de chacun, valorisent chaque progr\u00e8s<\/strong> et s\u2019int\u00e8grent naturellement dans la vie de tous les jours.<\/p>\n\n\n\n<h2 class=\"wp-block-heading has-text-align-center has-xx-large-font-size\"><strong>Nos engagements<\/strong><\/h2>\n<\/div>\n\n\n\n<div class=\"wp-block-uagb-container uagb-block-ad735c4d default uagb-is-root-container\">\n<div class=\"wp-block-columns is-layout-flex wp-container-core-columns-is-layout-28f84493 wp-block-columns-is-layout-flex\">\n<div class=\"wp-block-column is-layout-flow wp-block-column-is-layout-flow\">\n<div class=\"wp-block-columns is-layout-flex wp-container-core-columns-is-layout-28f84493 wp-block-columns-is-layout-flex\">\n<div class=\"wp-block-column is-layout-flow wp-block-column-is-layout-flow\">\n<div class=\"wp-block-uagb-container uagb-block-e93d4497\">\n<div class=\"wp-block-uagb-container uagb-block-f3d2d5b4\">\n<h3 class=\"wp-block-heading has-text-align-center has-text-color has-link-color wp-elements-4daa448e394a3b9d9b0027f185d270a6\" style=\"color:#2ca89e;font-size:clamp(16.293px, 1.018rem + ((1vw - 3.2px) * 0.854), 25px);\"><strong><strong><strong>Un engagement universel<\/strong><\/strong><\/strong><\/h3>\n\n\n\n<p class=\"has-text-align-center\" style=\"padding-top:var(--wp--preset--spacing--20);padding-right:var(--wp--preset--spacing--30);padding-bottom:var(--wp--preset--spacing--20);padding-left:var(--wp--preset--spacing--30);font-style:normal;font-weight:500\">Les troubles cognitifs peuvent <strong>toucher chacun d\u2019entre nous.<\/strong> Ils ne font pas de distinction d\u2019\u00e2ge et <strong>leurs origines sont multiples&nbsp;<\/strong>(Alzheimer,&nbsp;Corps de Lewy, traumatisme cr\u00e2nien, AVC, TDAH&nbsp;\u2026).&nbsp;C\u2019est pourquoi nous portons un&nbsp;\u00e9lan collectif, convaincus qu\u2019il faut agir <strong>ensemble pour mieux accompagner<\/strong> toutes les personnes concern\u00e9es aujourd\u2019hui ou demain.<\/p>\n<\/div>\n<\/div>\n<\/div>\n\n\n\n<div class=\"wp-block-column is-layout-flow wp-block-column-is-layout-flow\">\n<div class=\"wp-block-uagb-container uagb-block-3d326d6c\">\n<div class=\"wp-block-uagb-container uagb-block-42e4e826\">\n<h3 class=\"wp-block-heading has-text-align-center has-text-color has-link-color wp-elements-a637b383a707cf51ed4b0eec0cb3d3fe\" style=\"color:#2ca89e;font-size:clamp(16.293px, 1.018rem + ((1vw - 3.2px) * 0.854), 25px);\"><strong><strong><strong><strong><strong><strong>Am\u00e9lioration continue<\/strong><\/strong><\/strong><\/strong><\/strong><\/strong><\/h3>\n\n\n\n<p class=\"has-text-align-center\" style=\"padding-top:var(--wp--preset--spacing--20);padding-right:var(--wp--preset--spacing--30);padding-bottom:var(--wp--preset--spacing--20);padding-left:var(--wp--preset--spacing--30);font-style:normal;font-weight:500\">Nous faisons \u00e9voluer Ma\u00e9\u00aeen permanence pour qu\u2019elle reste <strong>intuitive, accessible et efficace<\/strong>. Chaque retour compte et renforce notre capacit\u00e9 \u00e0 <strong>accompagner le quotidien<\/strong>.<\/p>\n<\/div>\n<\/div>\n<\/div>\n<\/div>\n<\/div>\n<\/div>\n<\/div>\n\n\n\n<div class=\"wp-block-uagb-container uagb-block-1818a9ef default uagb-is-root-container\">\n<div class=\"wp-block-columns is-layout-flex wp-container-core-columns-is-layout-28f84493 wp-block-columns-is-layout-flex\">\n<div class=\"wp-block-column is-layout-flow wp-block-column-is-layout-flow\">\n<div class=\"wp-block-columns is-layout-flex wp-container-core-columns-is-layout-28f84493 wp-block-columns-is-layout-flex\">\n<div class=\"wp-block-column is-layout-flow wp-block-column-is-layout-flow\">\n<div class=\"wp-block-uagb-container uagb-block-fee37b66\">\n<div class=\"wp-block-uagb-container uagb-block-a708c1ac\">\n<h3 class=\"wp-block-heading has-text-align-center has-text-color has-link-color wp-elements-cc51947e194d8b1bc7f2370d1d55bac4\" style=\"color:#2ca89e;font-size:clamp(16.293px, 1.018rem + ((1vw - 3.2px) * 0.854), 25px);\"><strong><strong><strong><strong><strong>Impact r\u00e9el<\/strong><\/strong><\/strong><\/strong><\/strong><\/h3>\n\n\n\n<p class=\"has-text-align-center\" style=\"padding-top:var(--wp--preset--spacing--20);padding-right:var(--wp--preset--spacing--30);padding-bottom:var(--wp--preset--spacing--20);padding-left:var(--wp--preset--spacing--30);font-style:normal;font-weight:500\">Nous cr\u00e9ons des solutions fond\u00e9es sur les sciences cognitives et valid\u00e9es sur le terrain. Les exp\u00e9rimentations men\u00e9es avec France Alzheimer ont d\u00e9montr\u00e9 <strong>l\u2019efficacit\u00e9 de Ma\u00e9\u00ae : moins d\u2019oublis, plus de bien\u2011\u00eatre, moins de charge mentale.<\/strong><\/p>\n<\/div>\n<\/div>\n<\/div>\n\n\n\n<div class=\"wp-block-column is-layout-flow wp-block-column-is-layout-flow\">\n<div class=\"wp-block-uagb-container uagb-block-9d1b4f3d\">\n<div class=\"wp-block-uagb-container uagb-block-25e6819e\">\n<h3 class=\"wp-block-heading has-text-align-center has-text-color has-link-color wp-elements-2408823f8004e26b7377448c0064b2b2\" style=\"color:#2ca89e;font-size:clamp(16.293px, 1.018rem + ((1vw - 3.2px) * 0.854), 25px);\"><strong><strong><strong><strong><strong><strong><strong><strong><strong><strong><strong><strong>Co\u2011construction<\/strong><\/strong><\/strong><\/strong><\/strong><\/strong><\/strong><\/strong><\/strong><\/strong><\/strong><\/strong><\/h3>\n\n\n\n<p class=\"has-text-align-center\" style=\"padding-top:var(--wp--preset--spacing--20);padding-right:var(--wp--preset--spacing--30);padding-bottom:var(--wp--preset--spacing--20);padding-left:var(--wp--preset--spacing--30);font-style:normal;font-weight:500\">Nous avan\u00e7ons avec celles et ceux qui vivent avec les troubles de la m\u00e9moire au quotidien. <strong>Familles, aidants, professionnels de sant\u00e9 <\/strong>et personnes concern\u00e9es participent \u00e0 chaque \u00e9tape pour garantir <strong>une solution simple, utile et bienveillante.<\/strong><\/p>\n<\/div>\n<\/div>\n<\/div>\n<\/div>\n<\/div>\n<\/div>\n<\/div>\n","protected":false},"excerpt":{"rendered":"<p>A propos de nous WEchalleng, une \u00e9quipe soud\u00e9e&#8230; &#8230; autour d&rsquo;une raison d&rsquo;\u00eatre Chez WEchalleng, notre raison d\u2019\u00eatre est simple :&nbsp;redonner confiance, autonomie et s\u00e9r\u00e9nit\u00e9 aux personnes touch\u00e9es par des troubles de la m\u00e9moire, tout en&nbsp;all\u00e9geant la charge des aidants&nbsp;qui les accompagnent au quotidien. Nous croyons que la technologie doit \u00eatre profond\u00e9ment humaine, accessible et [&hellip;]<\/p>\n","protected":false},"author":2,"featured_media":0,"parent":0,"menu_order":0,"comment_status":"closed","ping_status":"closed","template":"page-no-title","meta":{"_acf_changed":false,"_uag_custom_page_level_css":"","footnotes":""},"class_list":["post-1500","page","type-page","status-publish","hentry"],"acf":[],"yoast_head":"<!-- This site is optimized with the Yoast SEO plugin v27.3 - https:\/\/yoast.com\/product\/yoast-seo-wordpress\/ -->\n<title>Ma\u00e9 by WEchalleng, une \u00e9quipe soud\u00e9e autour d&#039;une raison d&#039;\u00eatre<\/title>\n<meta name=\"description\" content=\"Nous cr\u00e9ons une technologie humaine, accessible et utile, pens\u00e9e pour respecter chaque rythme et s\u2019int\u00e9grer naturellement au quotidien.\" \/>\n<meta name=\"robots\" content=\"index, follow, max-snippet:-1, max-image-preview:large, max-video-preview:-1\" \/>\n<link rel=\"canonical\" href=\"https:\/\/wechalleng.com\/index.php\/notre-equipe\/\" \/>\n<meta property=\"og:locale\" content=\"fr_FR\" \/>\n<meta property=\"og:type\" content=\"article\" \/>\n<meta property=\"og:title\" content=\"Ma\u00e9 by WEchalleng, une \u00e9quipe soud\u00e9e autour d&#039;une raison d&#039;\u00eatre\" \/>\n<meta property=\"og:description\" content=\"Nous cr\u00e9ons une technologie humaine, accessible et utile, pens\u00e9e pour respecter chaque rythme et s\u2019int\u00e9grer naturellement au quotidien.\" \/>\n<meta property=\"og:url\" content=\"https:\/\/wechalleng.com\/index.php\/notre-equipe\/\" \/>\n<meta property=\"og:site_name\" content=\"WEchalleng\" \/>\n<meta property=\"article:publisher\" content=\"https:\/\/www.facebook.com\/profile.php?id=61581220022272&amp;name=xhp_nt__fb__action__open_user\" \/>\n<meta property=\"article:modified_time\" content=\"2026-03-25T12:30:34+00:00\" \/>\n<meta name=\"twitter:card\" content=\"summary_large_image\" \/>\n<meta name=\"twitter:label1\" content=\"Dur\u00e9e de lecture estim\u00e9e\" \/>\n\t<meta name=\"twitter:data1\" content=\"2 minutes\" \/>\n<script type=\"application\/ld+json\" class=\"yoast-schema-graph\">{\"@context\":\"https:\\\/\\\/schema.org\",\"@graph\":[{\"@type\":\"WebPage\",\"@id\":\"https:\\\/\\\/wechalleng.com\\\/index.php\\\/notre-equipe\\\/\",\"url\":\"https:\\\/\\\/wechalleng.com\\\/index.php\\\/notre-equipe\\\/\",\"name\":\"Ma\u00e9 by WEchalleng, une \u00e9quipe soud\u00e9e autour d'une raison d'\u00eatre\",\"isPartOf\":{\"@id\":\"https:\\\/\\\/wechalleng.com\\\/#website\"},\"datePublished\":\"2026-03-03T10:37:12+00:00\",\"dateModified\":\"2026-03-25T12:30:34+00:00\",\"description\":\"Nous cr\u00e9ons une technologie humaine, accessible et utile, pens\u00e9e pour respecter chaque rythme et s\u2019int\u00e9grer naturellement au quotidien.\",\"breadcrumb\":{\"@id\":\"https:\\\/\\\/wechalleng.com\\\/index.php\\\/notre-equipe\\\/#breadcrumb\"},\"inLanguage\":\"fr-FR\",\"potentialAction\":[{\"@type\":\"ReadAction\",\"target\":[\"https:\\\/\\\/wechalleng.com\\\/index.php\\\/notre-equipe\\\/\"]}]},{\"@type\":\"BreadcrumbList\",\"@id\":\"https:\\\/\\\/wechalleng.com\\\/index.php\\\/notre-equipe\\\/#breadcrumb\",\"itemListElement\":[{\"@type\":\"ListItem\",\"position\":1,\"name\":\"Accueil\",\"item\":\"https:\\\/\\\/wechalleng.com\\\/\"},{\"@type\":\"ListItem\",\"position\":2,\"name\":\"A propos de nous\"}]},{\"@type\":\"WebSite\",\"@id\":\"https:\\\/\\\/wechalleng.com\\\/#website\",\"url\":\"https:\\\/\\\/wechalleng.com\\\/\",\"name\":\"WeChalleng\",\"description\":\"Ma\u00e9\u00ae by WEchalleng\",\"publisher\":{\"@id\":\"https:\\\/\\\/wechalleng.com\\\/#organization\"},\"potentialAction\":[{\"@type\":\"SearchAction\",\"target\":{\"@type\":\"EntryPoint\",\"urlTemplate\":\"https:\\\/\\\/wechalleng.com\\\/?s={search_term_string}\"},\"query-input\":{\"@type\":\"PropertyValueSpecification\",\"valueRequired\":true,\"valueName\":\"search_term_string\"}}],\"inLanguage\":\"fr-FR\"},{\"@type\":\"Organization\",\"@id\":\"https:\\\/\\\/wechalleng.com\\\/#organization\",\"name\":\"WeChalleng\",\"url\":\"https:\\\/\\\/wechalleng.com\\\/\",\"logo\":{\"@type\":\"ImageObject\",\"inLanguage\":\"fr-FR\",\"@id\":\"https:\\\/\\\/wechalleng.com\\\/#\\\/schema\\\/logo\\\/image\\\/\",\"url\":\"https:\\\/\\\/wechalleng.com\\\/wp-content\\\/uploads\\\/2026\\\/01\\\/Mexercer-2.png\",\"contentUrl\":\"https:\\\/\\\/wechalleng.com\\\/wp-content\\\/uploads\\\/2026\\\/01\\\/Mexercer-2.png\",\"width\":1862,\"height\":500,\"caption\":\"WeChalleng\"},\"image\":{\"@id\":\"https:\\\/\\\/wechalleng.com\\\/#\\\/schema\\\/logo\\\/image\\\/\"},\"sameAs\":[\"https:\\\/\\\/www.facebook.com\\\/profile.php?id=61581220022272&name=xhp_nt__fb__action__open_user\",\"https:\\\/\\\/www.instagram.com\\\/wechalleng_\\\/\"]}]}<\/script>\n<!-- \/ Yoast SEO plugin. -->","yoast_head_json":{"title":"Ma\u00e9 by WEchalleng, une \u00e9quipe soud\u00e9e autour d'une raison d'\u00eatre","description":"Nous cr\u00e9ons une technologie humaine, accessible et utile, pens\u00e9e pour respecter chaque rythme et s\u2019int\u00e9grer naturellement au quotidien.","robots":{"index":"index","follow":"follow","max-snippet":"max-snippet:-1","max-image-preview":"max-image-preview:large","max-video-preview":"max-video-preview:-1"},"canonical":"https:\/\/wechalleng.com\/index.php\/notre-equipe\/","og_locale":"fr_FR","og_type":"article","og_title":"Ma\u00e9 by WEchalleng, une \u00e9quipe soud\u00e9e autour d'une raison d'\u00eatre","og_description":"Nous cr\u00e9ons une technologie humaine, accessible et utile, pens\u00e9e pour respecter chaque rythme et s\u2019int\u00e9grer naturellement au quotidien.","og_url":"https:\/\/wechalleng.com\/index.php\/notre-equipe\/","og_site_name":"WEchalleng","article_publisher":"https:\/\/www.facebook.com\/profile.php?id=61581220022272&name=xhp_nt__fb__action__open_user","article_modified_time":"2026-03-25T12:30:34+00:00","twitter_card":"summary_large_image","twitter_misc":{"Dur\u00e9e de lecture estim\u00e9e":"2 minutes"},"schema":{"@context":"https:\/\/schema.org","@graph":[{"@type":"WebPage","@id":"https:\/\/wechalleng.com\/index.php\/notre-equipe\/","url":"https:\/\/wechalleng.com\/index.php\/notre-equipe\/","name":"Ma\u00e9 by WEchalleng, une \u00e9quipe soud\u00e9e autour d'une raison d'\u00eatre","isPartOf":{"@id":"https:\/\/wechalleng.com\/#website"},"datePublished":"2026-03-03T10:37:12+00:00","dateModified":"2026-03-25T12:30:34+00:00","description":"Nous cr\u00e9ons une technologie humaine, accessible et utile, pens\u00e9e pour respecter chaque rythme et s\u2019int\u00e9grer naturellement au quotidien.","breadcrumb":{"@id":"https:\/\/wechalleng.com\/index.php\/notre-equipe\/#breadcrumb"},"inLanguage":"fr-FR","potentialAction":[{"@type":"ReadAction","target":["https:\/\/wechalleng.com\/index.php\/notre-equipe\/"]}]},{"@type":"BreadcrumbList","@id":"https:\/\/wechalleng.com\/index.php\/notre-equipe\/#breadcrumb","itemListElement":[{"@type":"ListItem","position":1,"name":"Accueil","item":"https:\/\/wechalleng.com\/"},{"@type":"ListItem","position":2,"name":"A propos de nous"}]},{"@type":"WebSite","@id":"https:\/\/wechalleng.com\/#website","url":"https:\/\/wechalleng.com\/","name":"WeChalleng","description":"Ma\u00e9\u00ae by WEchalleng","publisher":{"@id":"https:\/\/wechalleng.com\/#organization"},"potentialAction":[{"@type":"SearchAction","target":{"@type":"EntryPoint","urlTemplate":"https:\/\/wechalleng.com\/?s={search_term_string}"},"query-input":{"@type":"PropertyValueSpecification","valueRequired":true,"valueName":"search_term_string"}}],"inLanguage":"fr-FR"},{"@type":"Organization","@id":"https:\/\/wechalleng.com\/#organization","name":"WeChalleng","url":"https:\/\/wechalleng.com\/","logo":{"@type":"ImageObject","inLanguage":"fr-FR","@id":"https:\/\/wechalleng.com\/#\/schema\/logo\/image\/","url":"https:\/\/wechalleng.com\/wp-content\/uploads\/2026\/01\/Mexercer-2.png","contentUrl":"https:\/\/wechalleng.com\/wp-content\/uploads\/2026\/01\/Mexercer-2.png","width":1862,"height":500,"caption":"WeChalleng"},"image":{"@id":"https:\/\/wechalleng.com\/#\/schema\/logo\/image\/"},"sameAs":["https:\/\/www.facebook.com\/profile.php?id=61581220022272&name=xhp_nt__fb__action__open_user","https:\/\/www.instagram.com\/wechalleng_\/"]}]}},"uagb_featured_image_src":{"full":false,"thumbnail":false,"medium":false,"medium_large":false,"large":false,"1536x1536":false,"2048x2048":false},"uagb_author_info":{"display_name":"Loris Prabel","author_link":"https:\/\/wechalleng.com\/index.php\/author\/loris\/"},"uagb_comment_info":0,"uagb_excerpt":"A propos de nous WEchalleng, une \u00e9quipe soud\u00e9e&#8230; &#8230; autour d&rsquo;une raison d&rsquo;\u00eatre Chez WEchalleng, notre raison d\u2019\u00eatre est simple :&nbsp;redonner confiance, autonomie et s\u00e9r\u00e9nit\u00e9 aux personnes touch\u00e9es par des troubles de la m\u00e9moire, tout en&nbsp;all\u00e9geant la charge des aidants&nbsp;qui les accompagnent au quotidien. Nous croyons que la technologie doit \u00eatre profond\u00e9ment humaine, accessible et\u2026","_links":{"self":[{"href":"https:\/\/wechalleng.com\/index.php\/wp-json\/wp\/v2\/pages\/1500","targetHints":{"allow":["GET"]}}],"collection":[{"href":"https:\/\/wechalleng.com\/index.php\/wp-json\/wp\/v2\/pages"}],"about":[{"href":"https:\/\/wechalleng.com\/index.php\/wp-json\/wp\/v2\/types\/page"}],"author":[{"embeddable":true,"href":"https:\/\/wechalleng.com\/index.php\/wp-json\/wp\/v2\/users\/2"}],"replies":[{"embeddable":true,"href":"https:\/\/wechalleng.com\/index.php\/wp-json\/wp\/v2\/comments?post=1500"}],"version-history":[{"count":123,"href":"https:\/\/wechalleng.com\/index.php\/wp-json\/wp\/v2\/pages\/1500\/revisions"}],"predecessor-version":[{"id":2753,"href":"https:\/\/wechalleng.com\/index.php\/wp-json\/wp\/v2\/pages\/1500\/revisions\/2753"}],"wp:attachment":[{"href":"https:\/\/wechalleng.com\/index.php\/wp-json\/wp\/v2\/media?parent=1500"}],"curies":[{"name":"wp","href":"https:\/\/api.w.org\/{rel}","templated":true}]}}