{"id":2759,"date":"2026-03-25T16:16:28","date_gmt":"2026-03-25T15:16:28","guid":{"rendered":"https:\/\/wechalleng.com\/?page_id=2759"},"modified":"2026-04-07T09:10:52","modified_gmt":"2026-04-07T07:10:52","slug":"precommander-mae","status":"publish","type":"page","link":"https:\/\/wechalleng.com\/index.php\/precommander-mae\/","title":{"rendered":"Pr\u00e9commander Ma\u00e9\u00ae"},"content":{"rendered":"\n<h1 class=\"wp-block-heading has-text-align-center has-text-color has-link-color wp-elements-875f47b11fde013b98d3fa0db1033984\" style=\"color:#42b8b0\"><strong><strong>Pr\u00e9commander <\/strong>Ma\u00e9\u00ae<\/strong><\/h1>\n\n\n\n<div class=\"wp-block-uagb-container uagb-layout-flex uagb-block-de325c22 default uagb-is-root-container\">\n<p class=\"has-text-align-center\" style=\"font-style:normal;font-weight:500\"><strong>Inscrivez-vous d\u00e8s aujourd\u2019hui<\/strong>&nbsp;et devenez parmi les premiers \u00e0 essayer&nbsp;<strong>Ma\u00e9 et \u00e0 profiter d\u2019un soutien quotidien, con\u00e7u pour faciliter la vie de chacun.<\/strong><\/p>\n\n\n\n<p class=\"has-text-align-center\" style=\"margin-top:0;margin-bottom:0;font-style:normal;font-weight:500\"><strong>Comment \u00e7a marche ?<\/strong><\/p>\n<\/div>\n\n\n\n<p class=\"has-text-align-left\" style=\"padding-top:var(--wp--preset--spacing--20);padding-bottom:var(--wp--preset--spacing--20);font-style:normal;font-weight:500\">1. <strong>&nbsp;<\/strong>Vous remplissez le formulaire ci-dessous<\/p>\n\n\n\n<p class=\"has-text-align-left\" style=\"margin-top:0;margin-bottom:0;padding-top:0;padding-bottom:0;font-style:normal;font-weight:500\">2. L\u2019\u00e9quipe WEchalleng vous rappelle au moment choisi<\/p>\n\n\n\n<p class=\"has-text-align-left\" style=\"margin-top:0;margin-bottom:0;padding-top:var(--wp--preset--spacing--20);padding-bottom:var(--wp--preset--spacing--20);font-style:normal;font-weight:500\"><strong>3-\u00a0\u00a0\u00a0\u00a0\u00a0<\/strong>Nous vous pr\u00e9sentons la solution Ma\u00e9 et r\u00e9pondons \u00e0 vos questions<\/p>\n\n\n\n<p style=\"margin-top:0;margin-bottom:0;font-style:normal;font-weight:500\"><strong>4-\u00a0\u00a0\u00a0\u00a0\u00a0<\/strong>Nous \u00e9valuons ensemble vos besoins et nous engageons \u00e0 revenir vers vous d\u00e8s la sortie de Ma\u00e9<\/p>\n\n\n\n<div class=\"wp-block-uagb-container uagb-block-3e358ed2 default uagb-is-root-container\">\n<p class=\"has-text-align-center\" style=\"font-style:normal;font-weight:500\">Chez WEchalleng, nous croyons qu\u2019une&nbsp;<strong>solution adapt\u00e9e<\/strong>&nbsp;na\u00eet d\u2019une&nbsp;<strong>bonne compr\u00e9hension de vos besoins.<\/strong><\/p>\n<\/div>\n\n\n\n<div style=\"width: 100%; max-width: 407px; margin: 0 auto; overflow: hidden;\">\n  <iframe loading=\"lazy\" \n    src=\"https:\/\/mycloud.wechalleng.com\/index.php\/apps\/appointments\/embed\/U3FgnL3MmPIp1FXMLCbJ%2Bg%3D%3D\/form\" \n    frameborder=\"favicon0\"\n    scrolling=\"no\"\n    width=\"100%\"\n    height=\"620px\"\n    style=\"border: none; display: block; overflow: hidden;\">\n  <\/iframe>\n<\/div>\n","protected":false},"excerpt":{"rendered":"<p>Pr\u00e9commander Ma\u00e9\u00ae Inscrivez-vous d\u00e8s aujourd\u2019hui&nbsp;et devenez parmi les premiers \u00e0 essayer&nbsp;Ma\u00e9 et \u00e0 profiter d\u2019un soutien quotidien, con\u00e7u pour faciliter la vie de chacun. Comment \u00e7a marche ? 1. &nbsp;Vous remplissez le formulaire ci-dessous 2. L\u2019\u00e9quipe WEchalleng vous rappelle au moment choisi 3-\u00a0\u00a0\u00a0\u00a0\u00a0Nous vous pr\u00e9sentons la solution Ma\u00e9 et r\u00e9pondons \u00e0 vos questions 4-\u00a0\u00a0\u00a0\u00a0\u00a0Nous \u00e9valuons [&hellip;]<\/p>\n","protected":false},"author":5,"featured_media":0,"parent":0,"menu_order":0,"comment_status":"closed","ping_status":"closed","template":"page-no-title","meta":{"_acf_changed":false,"_uag_custom_page_level_css":"","footnotes":""},"class_list":["post-2759","page","type-page","status-publish","hentry"],"acf":[],"yoast_head":"<!-- This site is optimized with the Yoast SEO plugin v27.3 - https:\/\/yoast.com\/product\/yoast-seo-wordpress\/ -->\n<title>Construisons ensemble votre abonnement Ma\u00e9\u00ae personnalis\u00e9<\/title>\n<meta name=\"description\" content=\"Chez WEchalleng, nous cr\u00e9ons du sur\u2011mesure\u202f: un \u00e9change d\u00e9di\u00e9 nous permet de vous proposer l\u2019abonnement Ma\u00e9\u00ae le plus adapt\u00e9.\" \/>\n<meta name=\"robots\" content=\"index, follow, max-snippet:-1, max-image-preview:large, max-video-preview:-1\" \/>\n<link rel=\"canonical\" href=\"https:\/\/wechalleng.com\/index.php\/precommander-mae\/\" \/>\n<meta property=\"og:locale\" content=\"fr_FR\" \/>\n<meta property=\"og:type\" content=\"article\" \/>\n<meta property=\"og:title\" content=\"Construisons ensemble votre abonnement Ma\u00e9\u00ae personnalis\u00e9\" \/>\n<meta property=\"og:description\" content=\"Chez WEchalleng, nous cr\u00e9ons du sur\u2011mesure\u202f: un \u00e9change d\u00e9di\u00e9 nous permet de vous proposer l\u2019abonnement Ma\u00e9\u00ae le plus adapt\u00e9.\" \/>\n<meta property=\"og:url\" content=\"https:\/\/wechalleng.com\/index.php\/precommander-mae\/\" \/>\n<meta property=\"og:site_name\" content=\"WEchalleng\" \/>\n<meta property=\"article:publisher\" content=\"https:\/\/www.facebook.com\/profile.php?id=61581220022272&amp;name=xhp_nt__fb__action__open_user\" \/>\n<meta property=\"article:modified_time\" content=\"2026-04-07T07:10:52+00:00\" \/>\n<meta name=\"twitter:card\" content=\"summary_large_image\" \/>\n<meta name=\"twitter:label1\" content=\"Dur\u00e9e de lecture estim\u00e9e\" \/>\n\t<meta name=\"twitter:data1\" content=\"1 minute\" \/>\n<script type=\"application\/ld+json\" class=\"yoast-schema-graph\">{\"@context\":\"https:\\\/\\\/schema.org\",\"@graph\":[{\"@type\":\"WebPage\",\"@id\":\"https:\\\/\\\/wechalleng.com\\\/index.php\\\/precommander-mae\\\/\",\"url\":\"https:\\\/\\\/wechalleng.com\\\/index.php\\\/precommander-mae\\\/\",\"name\":\"Construisons ensemble votre abonnement Ma\u00e9\u00ae personnalis\u00e9\",\"isPartOf\":{\"@id\":\"https:\\\/\\\/wechalleng.com\\\/#website\"},\"datePublished\":\"2026-03-25T15:16:28+00:00\",\"dateModified\":\"2026-04-07T07:10:52+00:00\",\"description\":\"Chez WEchalleng, nous cr\u00e9ons du sur\u2011mesure\u202f: un \u00e9change d\u00e9di\u00e9 nous permet de vous proposer l\u2019abonnement Ma\u00e9\u00ae le plus adapt\u00e9.\",\"breadcrumb\":{\"@id\":\"https:\\\/\\\/wechalleng.com\\\/index.php\\\/precommander-mae\\\/#breadcrumb\"},\"inLanguage\":\"fr-FR\",\"potentialAction\":[{\"@type\":\"ReadAction\",\"target\":[\"https:\\\/\\\/wechalleng.com\\\/index.php\\\/precommander-mae\\\/\"]}]},{\"@type\":\"BreadcrumbList\",\"@id\":\"https:\\\/\\\/wechalleng.com\\\/index.php\\\/precommander-mae\\\/#breadcrumb\",\"itemListElement\":[{\"@type\":\"ListItem\",\"position\":1,\"name\":\"Accueil\",\"item\":\"https:\\\/\\\/wechalleng.com\\\/\"},{\"@type\":\"ListItem\",\"position\":2,\"name\":\"Pr\u00e9commander Ma\u00e9\u00ae\"}]},{\"@type\":\"WebSite\",\"@id\":\"https:\\\/\\\/wechalleng.com\\\/#website\",\"url\":\"https:\\\/\\\/wechalleng.com\\\/\",\"name\":\"WeChalleng\",\"description\":\"Ma\u00e9\u00ae by WEchalleng\",\"publisher\":{\"@id\":\"https:\\\/\\\/wechalleng.com\\\/#organization\"},\"potentialAction\":[{\"@type\":\"SearchAction\",\"target\":{\"@type\":\"EntryPoint\",\"urlTemplate\":\"https:\\\/\\\/wechalleng.com\\\/?s={search_term_string}\"},\"query-input\":{\"@type\":\"PropertyValueSpecification\",\"valueRequired\":true,\"valueName\":\"search_term_string\"}}],\"inLanguage\":\"fr-FR\"},{\"@type\":\"Organization\",\"@id\":\"https:\\\/\\\/wechalleng.com\\\/#organization\",\"name\":\"WeChalleng\",\"url\":\"https:\\\/\\\/wechalleng.com\\\/\",\"logo\":{\"@type\":\"ImageObject\",\"inLanguage\":\"fr-FR\",\"@id\":\"https:\\\/\\\/wechalleng.com\\\/#\\\/schema\\\/logo\\\/image\\\/\",\"url\":\"https:\\\/\\\/wechalleng.com\\\/wp-content\\\/uploads\\\/2026\\\/01\\\/Mexercer-2.png\",\"contentUrl\":\"https:\\\/\\\/wechalleng.com\\\/wp-content\\\/uploads\\\/2026\\\/01\\\/Mexercer-2.png\",\"width\":1862,\"height\":500,\"caption\":\"WeChalleng\"},\"image\":{\"@id\":\"https:\\\/\\\/wechalleng.com\\\/#\\\/schema\\\/logo\\\/image\\\/\"},\"sameAs\":[\"https:\\\/\\\/www.facebook.com\\\/profile.php?id=61581220022272&name=xhp_nt__fb__action__open_user\",\"https:\\\/\\\/www.instagram.com\\\/wechalleng_\\\/\"]}]}<\/script>\n<!-- \/ Yoast SEO plugin. -->","yoast_head_json":{"title":"Construisons ensemble votre abonnement Ma\u00e9\u00ae personnalis\u00e9","description":"Chez WEchalleng, nous cr\u00e9ons du sur\u2011mesure\u202f: un \u00e9change d\u00e9di\u00e9 nous permet de vous proposer l\u2019abonnement Ma\u00e9\u00ae le plus adapt\u00e9.","robots":{"index":"index","follow":"follow","max-snippet":"max-snippet:-1","max-image-preview":"max-image-preview:large","max-video-preview":"max-video-preview:-1"},"canonical":"https:\/\/wechalleng.com\/index.php\/precommander-mae\/","og_locale":"fr_FR","og_type":"article","og_title":"Construisons ensemble votre abonnement Ma\u00e9\u00ae personnalis\u00e9","og_description":"Chez WEchalleng, nous cr\u00e9ons du sur\u2011mesure\u202f: un \u00e9change d\u00e9di\u00e9 nous permet de vous proposer l\u2019abonnement Ma\u00e9\u00ae le plus adapt\u00e9.","og_url":"https:\/\/wechalleng.com\/index.php\/precommander-mae\/","og_site_name":"WEchalleng","article_publisher":"https:\/\/www.facebook.com\/profile.php?id=61581220022272&name=xhp_nt__fb__action__open_user","article_modified_time":"2026-04-07T07:10:52+00:00","twitter_card":"summary_large_image","twitter_misc":{"Dur\u00e9e de lecture estim\u00e9e":"1 minute"},"schema":{"@context":"https:\/\/schema.org","@graph":[{"@type":"WebPage","@id":"https:\/\/wechalleng.com\/index.php\/precommander-mae\/","url":"https:\/\/wechalleng.com\/index.php\/precommander-mae\/","name":"Construisons ensemble votre abonnement Ma\u00e9\u00ae personnalis\u00e9","isPartOf":{"@id":"https:\/\/wechalleng.com\/#website"},"datePublished":"2026-03-25T15:16:28+00:00","dateModified":"2026-04-07T07:10:52+00:00","description":"Chez WEchalleng, nous cr\u00e9ons du sur\u2011mesure\u202f: un \u00e9change d\u00e9di\u00e9 nous permet de vous proposer l\u2019abonnement Ma\u00e9\u00ae le plus adapt\u00e9.","breadcrumb":{"@id":"https:\/\/wechalleng.com\/index.php\/precommander-mae\/#breadcrumb"},"inLanguage":"fr-FR","potentialAction":[{"@type":"ReadAction","target":["https:\/\/wechalleng.com\/index.php\/precommander-mae\/"]}]},{"@type":"BreadcrumbList","@id":"https:\/\/wechalleng.com\/index.php\/precommander-mae\/#breadcrumb","itemListElement":[{"@type":"ListItem","position":1,"name":"Accueil","item":"https:\/\/wechalleng.com\/"},{"@type":"ListItem","position":2,"name":"Pr\u00e9commander Ma\u00e9\u00ae"}]},{"@type":"WebSite","@id":"https:\/\/wechalleng.com\/#website","url":"https:\/\/wechalleng.com\/","name":"WeChalleng","description":"Ma\u00e9\u00ae by WEchalleng","publisher":{"@id":"https:\/\/wechalleng.com\/#organization"},"potentialAction":[{"@type":"SearchAction","target":{"@type":"EntryPoint","urlTemplate":"https:\/\/wechalleng.com\/?s={search_term_string}"},"query-input":{"@type":"PropertyValueSpecification","valueRequired":true,"valueName":"search_term_string"}}],"inLanguage":"fr-FR"},{"@type":"Organization","@id":"https:\/\/wechalleng.com\/#organization","name":"WeChalleng","url":"https:\/\/wechalleng.com\/","logo":{"@type":"ImageObject","inLanguage":"fr-FR","@id":"https:\/\/wechalleng.com\/#\/schema\/logo\/image\/","url":"https:\/\/wechalleng.com\/wp-content\/uploads\/2026\/01\/Mexercer-2.png","contentUrl":"https:\/\/wechalleng.com\/wp-content\/uploads\/2026\/01\/Mexercer-2.png","width":1862,"height":500,"caption":"WeChalleng"},"image":{"@id":"https:\/\/wechalleng.com\/#\/schema\/logo\/image\/"},"sameAs":["https:\/\/www.facebook.com\/profile.php?id=61581220022272&name=xhp_nt__fb__action__open_user","https:\/\/www.instagram.com\/wechalleng_\/"]}]}},"uagb_featured_image_src":{"full":false,"thumbnail":false,"medium":false,"medium_large":false,"large":false,"1536x1536":false,"2048x2048":false},"uagb_author_info":{"display_name":"Enora RENAUD","author_link":"https:\/\/wechalleng.com\/index.php\/author\/enora\/"},"uagb_comment_info":0,"uagb_excerpt":"Pr\u00e9commander Ma\u00e9\u00ae Inscrivez-vous d\u00e8s aujourd\u2019hui&nbsp;et devenez parmi les premiers \u00e0 essayer&nbsp;Ma\u00e9 et \u00e0 profiter d\u2019un soutien quotidien, con\u00e7u pour faciliter la vie de chacun. Comment \u00e7a marche ? 1. &nbsp;Vous remplissez le formulaire ci-dessous 2. L\u2019\u00e9quipe WEchalleng vous rappelle au moment choisi 3-\u00a0\u00a0\u00a0\u00a0\u00a0Nous vous pr\u00e9sentons la solution Ma\u00e9 et r\u00e9pondons \u00e0 vos questions 4-\u00a0\u00a0\u00a0\u00a0\u00a0Nous \u00e9valuons\u2026","_links":{"self":[{"href":"https:\/\/wechalleng.com\/index.php\/wp-json\/wp\/v2\/pages\/2759","targetHints":{"allow":["GET"]}}],"collection":[{"href":"https:\/\/wechalleng.com\/index.php\/wp-json\/wp\/v2\/pages"}],"about":[{"href":"https:\/\/wechalleng.com\/index.php\/wp-json\/wp\/v2\/types\/page"}],"author":[{"embeddable":true,"href":"https:\/\/wechalleng.com\/index.php\/wp-json\/wp\/v2\/users\/5"}],"replies":[{"embeddable":true,"href":"https:\/\/wechalleng.com\/index.php\/wp-json\/wp\/v2\/comments?post=2759"}],"version-history":[{"count":3,"href":"https:\/\/wechalleng.com\/index.php\/wp-json\/wp\/v2\/pages\/2759\/revisions"}],"predecessor-version":[{"id":2785,"href":"https:\/\/wechalleng.com\/index.php\/wp-json\/wp\/v2\/pages\/2759\/revisions\/2785"}],"wp:attachment":[{"href":"https:\/\/wechalleng.com\/index.php\/wp-json\/wp\/v2\/media?parent=2759"}],"curies":[{"name":"wp","href":"https:\/\/api.w.org\/{rel}","templated":true}]}}